{"id":52,"date":"2016-05-10T07:52:47","date_gmt":"2016-05-10T07:52:47","guid":{"rendered":"http:\/\/www.fpk.lu\/?page_id=52"},"modified":"2022-09-01T09:03:07","modified_gmt":"2022-09-01T09:03:07","slug":"conseil","status":"publish","type":"page","link":"https:\/\/www.fpk.lu\/?page_id=52","title":{"rendered":"Conseil"},"content":{"rendered":"<p><img loading=\"lazy\" class=\"alignnone wp-image-248 size-full\" src=\"http:\/\/www.fpk.lu\/wp-content\/uploads\/2022\/09\/conseils_2.jpg\" alt=\"\" width=\"959\" height=\"223\" srcset=\"https:\/\/www.fpk.lu\/wp-content\/uploads\/2022\/09\/conseils_2.jpg 959w, https:\/\/www.fpk.lu\/wp-content\/uploads\/2022\/09\/conseils_2-300x70.jpg 300w, https:\/\/www.fpk.lu\/wp-content\/uploads\/2022\/09\/conseils_2-768x179.jpg 768w\" sizes=\"(max-width: 959px) 100vw, 959px\" \/><\/p>\n<p>FPK vous assiste et vous conseille en mati\u00e8re de la structuration de votre entreprise.<\/p>\n<p>Nous sommes toujours \u00e0 votre disposition pour toutes autres questions et ce service contient \u00e9galement l&#8217;\u00e9valuation d&#8217;entreprise.<\/p>\n<p>Evaluer une entreprise est un acte fr\u00e9quent de nos jours. Notre savoir-faire et notre exp\u00e9rience nous permettent de conduire une \u00e9valuation d&#8217;entreprise. La sp\u00e9cificit\u00e9 de chaque situation entra\u00eene des points de vue sur les m\u00e9thodes \u00e0 utiliser parfois diff\u00e9rents.<\/p>\n<p><strong>Les principaux cas d&#8217;\u00e9valuastion sont:<\/strong><\/p>\n<ul>\n<li style=\"list-style-type: none;\">\n<ul>\n<li>Evaluation suite \u00e0 un d\u00e9sinvestissement<\/li>\n<li>Evaluation en cas de succession<\/li>\n<li>Evaluation en cas de fusion<\/li>\n<\/ul>\n<\/li>\n<\/ul>\n<p>&nbsp;<\/p>\n<p><strong>S\u00e9lection de syst\u00e8mes et logiciels informatiques<\/strong><\/p>\n<p>Les logiciels informatiques pour l&#8217;optimisation des processus interne des entreprises devient de plus en plus important. FPK vous offre les services suivants dans le processus de s\u00e9lection:<\/p>\n<ul>\n<li style=\"list-style-type: none;\">\n<ul>\n<li>Analyse de la situation existante,<\/li>\n<li>Sp\u00e9cification des besoins,<\/li>\n<li>Demande d&#8217;offres,<\/li>\n<li>Analyse des offres fournisseurs,<\/li>\n<\/ul>\n<\/li>\n<\/ul>\n<p>Aide dans la s\u00e9lection de la meilleure solution.<\/p>\n<p>&nbsp;<\/p>\n","protected":false},"excerpt":{"rendered":"<p>FPK vous assiste et vous conseille en mati\u00e8re de la structuration de votre entreprise. Nous sommes toujours \u00e0 votre disposition pour toutes autres questions et ce service contient \u00e9galement l&#8217;\u00e9valuation d&#8217;entreprise. Evaluer une entreprise est un acte fr\u00e9quent de nos jours. Notre savoir-faire et notre exp\u00e9rience nous permettent de conduire une \u00e9valuation d&#8217;entreprise. La sp\u00e9cificit\u00e9 [&hellip;]<\/p>\n","protected":false},"author":3,"featured_media":0,"parent":0,"menu_order":0,"comment_status":"closed","ping_status":"closed","template":"","meta":[],"_links":{"self":[{"href":"https:\/\/www.fpk.lu\/index.php?rest_route=\/wp\/v2\/pages\/52"}],"collection":[{"href":"https:\/\/www.fpk.lu\/index.php?rest_route=\/wp\/v2\/pages"}],"about":[{"href":"https:\/\/www.fpk.lu\/index.php?rest_route=\/wp\/v2\/types\/page"}],"author":[{"embeddable":true,"href":"https:\/\/www.fpk.lu\/index.php?rest_route=\/wp\/v2\/users\/3"}],"replies":[{"embeddable":true,"href":"https:\/\/www.fpk.lu\/index.php?rest_route=%2Fwp%2Fv2%2Fcomments&post=52"}],"version-history":[{"count":14,"href":"https:\/\/www.fpk.lu\/index.php?rest_route=\/wp\/v2\/pages\/52\/revisions"}],"predecessor-version":[{"id":267,"href":"https:\/\/www.fpk.lu\/index.php?rest_route=\/wp\/v2\/pages\/52\/revisions\/267"}],"wp:attachment":[{"href":"https:\/\/www.fpk.lu\/index.php?rest_route=%2Fwp%2Fv2%2Fmedia&parent=52"}],"curies":[{"name":"wp","href":"https:\/\/api.w.org\/{rel}","templated":true}]}}