{"id":30,"date":"2016-05-10T07:16:26","date_gmt":"2016-05-10T07:16:26","guid":{"rendered":"http:\/\/www.fpk.lu\/?page_id=30"},"modified":"2022-09-01T09:00:39","modified_gmt":"2022-09-01T09:00:39","slug":"fiscalite","status":"publish","type":"page","link":"https:\/\/www.fpk.lu\/?page_id=30","title":{"rendered":"Fiscalit\u00e9"},"content":{"rendered":"<p><img loading=\"lazy\" class=\"alignnone wp-image-241 size-full\" src=\"http:\/\/www.fpk.lu\/wp-content\/uploads\/2022\/09\/fiscalite_2.jpg\" alt=\"\" width=\"958\" height=\"223\" srcset=\"https:\/\/www.fpk.lu\/wp-content\/uploads\/2022\/09\/fiscalite_2.jpg 958w, https:\/\/www.fpk.lu\/wp-content\/uploads\/2022\/09\/fiscalite_2-300x70.jpg 300w, https:\/\/www.fpk.lu\/wp-content\/uploads\/2022\/09\/fiscalite_2-768x179.jpg 768w\" sizes=\"(max-width: 958px) 100vw, 958px\" \/><\/p>\n<p><strong>Les services propos\u00e9s par notre cabinet au niveau de la fiscalit\u00e9 des entreprises sont les suivants:<\/strong><\/p>\n<p>\u2022 Conseil et planification en mati\u00e8re de fiscalit\u00e9 directe et indirecte,<br \/>\n\u2022 Pr\u00e9paration des d\u00e9clarations fiscales en mati\u00e8re d&#8217;imp\u00f4t sur le revenu,<br \/>\n\u2022 Pr\u00e9paration des d\u00e9clarations fiscales en mati\u00e8re de taxe sur la valeur ajout\u00e9e (TVA).<\/p>\n<p><strong>Les services propos\u00e9s par notre cabinet au niveau de la fiscalit\u00e9 des personnes physiques sont les suivants<\/strong>:<\/p>\n<p>\u2022 Conseil et planification en mati\u00e8re de fiscalit\u00e9 indirecte,<br \/>\n\u2022 Conseil dans la r\u00e9alisation des projets immobiliers (Lotissements, Maisons et autres projets immobiliers),<br \/>\n\u2022 Pr\u00e9paration des d\u00e9clarations fiscales en mati\u00e8re d&#8217;imp\u00f4t sur le revenu.<\/p>\n<p>&nbsp;<\/p>\n<p>L&#8217;objectif de tout conseil est\u00a0l&#8217;optimisation fiscale \u00e0 tous les niveaux, tout en tenant compte des circonstances particuli\u00e8res de chaque personne.<\/p>\n<p>Nous nous engageons \u00e0 poursuivre sans d\u00e9tours les objectifs d\u00e9finis de mani\u00e8re individuelle avec chacun de nos clients.<\/p>\n<p>&nbsp;<\/p>\n","protected":false},"excerpt":{"rendered":"<p>Les services propos\u00e9s par notre cabinet au niveau de la fiscalit\u00e9 des entreprises sont les suivants: \u2022 Conseil et planification en mati\u00e8re de fiscalit\u00e9 directe et indirecte, \u2022 Pr\u00e9paration des d\u00e9clarations fiscales en mati\u00e8re d&#8217;imp\u00f4t sur le revenu, \u2022 Pr\u00e9paration des d\u00e9clarations fiscales en mati\u00e8re de taxe sur la valeur ajout\u00e9e (TVA). Les services propos\u00e9s [&hellip;]<\/p>\n","protected":false},"author":3,"featured_media":0,"parent":0,"menu_order":0,"comment_status":"closed","ping_status":"closed","template":"","meta":[],"_links":{"self":[{"href":"https:\/\/www.fpk.lu\/index.php?rest_route=\/wp\/v2\/pages\/30"}],"collection":[{"href":"https:\/\/www.fpk.lu\/index.php?rest_route=\/wp\/v2\/pages"}],"about":[{"href":"https:\/\/www.fpk.lu\/index.php?rest_route=\/wp\/v2\/types\/page"}],"author":[{"embeddable":true,"href":"https:\/\/www.fpk.lu\/index.php?rest_route=\/wp\/v2\/users\/3"}],"replies":[{"embeddable":true,"href":"https:\/\/www.fpk.lu\/index.php?rest_route=%2Fwp%2Fv2%2Fcomments&post=30"}],"version-history":[{"count":15,"href":"https:\/\/www.fpk.lu\/index.php?rest_route=\/wp\/v2\/pages\/30\/revisions"}],"predecessor-version":[{"id":242,"href":"https:\/\/www.fpk.lu\/index.php?rest_route=\/wp\/v2\/pages\/30\/revisions\/242"}],"wp:attachment":[{"href":"https:\/\/www.fpk.lu\/index.php?rest_route=%2Fwp%2Fv2%2Fmedia&parent=30"}],"curies":[{"name":"wp","href":"https:\/\/api.w.org\/{rel}","templated":true}]}}

Fiscalité

<p><img loading="lazy" class="alignnone wp-image-241 size-full" src="http://www.fpk.lu/wp-content/uploads/2022/09/fiscalite_2.jpg" alt="" width="958" height="223" srcset="https://www.fpk.lu/wp-content/uploads/2022/09/fiscalite_2.jpg 958w, https://www.fpk.lu/wp-content/uploads/2022/09/fiscalite_2-300x70.jpg 300w, https://www.fpk.lu/wp-content/uploads/2022/09/fiscalite_2-768x179.jpg 768w" sizes="(max-width: 958px) 100vw, 958px" /></p>
<p><strong>Les services proposés par notre cabinet au niveau de la fiscalité des entreprises sont les suivants:</strong></p>
<p>• Conseil et planification en matière de fiscalité directe et indirecte,<br />
• Préparation des déclarations fiscales en matière d&#8217;impôt sur le revenu,<br />
• Préparation des déclarations fiscales en matière de taxe sur la valeur ajoutée (TVA).</p>
<p><strong>Les services proposés par notre cabinet au niveau de la fiscalité des personnes physiques sont les suivants</strong>:</p>
<p>• Conseil et planification en matière de fiscalité indirecte,<br />
• Conseil dans la réalisation des projets immobiliers (Lotissements, Maisons et autres projets immobiliers),<br />
• Préparation des déclarations fiscales en matière d&#8217;impôt sur le revenu.</p>
<p>&nbsp;</p>
<p>L&#8217;objectif de tout conseil est l&#8217;optimisation fiscale à tous les niveaux, tout en tenant compte des circonstances particulières de chaque personne.</p>
<p>Nous nous engageons à poursuivre sans détours les objectifs définis de manière individuelle avec chacun de nos clients.</p>
<p>&nbsp;</p>

<p>Les services proposés par notre cabinet au niveau de la fiscalité des entreprises sont les suivants: • Conseil et planification en matière de fiscalité directe et indirecte, • Préparation des déclarations fiscales en matière d&#8217;impôt sur le revenu, • Préparation des déclarations fiscales en matière de taxe sur la valeur ajoutée (TVA). Les services proposés [&hellip;]</p>
